 t(o) = o**3 + 5*o**2 - 19*o - 7. Suppose -70 + 1494 = 35*n - 213*n. Give t(n).
-47
Let r(k) = -8*k - 1. Let j be r(1). Let m(l) = -11*l**2 + 4 - 124*l + 254*l - 117*l + 4 - l**3 + 3*l**2. Calculate m(j).
-28
Let m be ((-238)/35 - -6)*-5. Let z(b) = 16*b**2 + 0 + 0 - 8*b**2 - m - 13*b - 9*b**2. Give z(-11).
18
Let q(s) be the third derivative of s**6/120 - 23*s**5/60 + s**4/24 - 8*s**3/3 + 882*s**2. Give q(23).
7
Suppose 812*q = 644 - 3080. Let r(v) be the first derivative of -2*v**3/3 - 5*v**2/2 - 3*v - 1. Determine r(q).
-6
Let d(k) = -k - 14. Let u = 519 - 525. Give d(u).
-8
Let r = 2897 + -2897. Let w(m) be the third derivative of 0*m - 1/8*m**4 + r + m**3 - m**2. Calculate w(4).
-6
Let w(a) = -a - 6. Let h(q) = q + 5. Suppose i + 13 = 3*y, -9*i + 4*i = -4*y + 10. Let j(t) = y*w(t) + 7*h(t). Determine j(6).
17
Let x(h) be the third derivative of 2*h**4/3 - 4*h**3/3 + 965*h**2. What is x(1)?
8
Let d(c) = -2*c - 12. Let y be d(-7). Let r(l) = -12 - 5*l**y - l**3 + 5 + 6. Calculate r(-5).
-1
Let t(k) = -k**3 - 6*k**2 - 20*k - 41. Let h be t(-4). Let x(f) = f**2 - 9*f + 1. Determine x(h).
-13
Let f(a) = -a + 5. Let x be f(3). Let c(n) = 7*n**3 - 50*n**2 + 3*n - 423. Let z(q) = -3*q**3 + 22*q**2 - q + 188. Let d(u) = 4*c(u) + 9*z(u). Determine d(x).
6
Let u(b) = -10*b + b**2 - 4*b + 3*b - 2. Suppose 2*t - 3138 = -78*t - 2258. What is u(t)?
-2
Let u(j) = -7*j**2 - 517*j + 70. Let m be u(-74). Let p(c) = 2*c**3 + 9*c**2 + 7*c + 4. Give p(m).
-8
Let k(f) = 4*f**3 + f**2 - 26*f - 8. Let d(i) = 3*i**3 + i**2 - 25*i - 7. Let o(z) = 3*d(z) - 2*k(z). Calculate o(-5).
10
Let q(a) be the first derivative of -a**4/4 + 7*a**3/3 + 17*a**2/2 - 3*a - 1602. What is q(9)?
-12
Let v be 4/(-14) + (-60)/(-14). Let z be v/18 + (-156)/(-27). Let a(g) = 28*g + 27*g + 21*g + 23*g - 145*g - 6 + 47*g. Give a(z).
0
Let r(p) = p**2 - 62*p - 514. Let i be r(-11). Let w(m) = -1 - 5 + i*m - 293*m. Let c(z) = -z**3 - 4*z**2 + 3. Let l be c(-3). Give w(l).
18
Let f(n) = 103*n + n**3 - n**2 - 38*n - 37*n - 33*n. Give f(3).
3
Let j(n) = n**3 + 7*n**2 - 3*n + 2. Suppose -20 = 7*i - 3*i, 0 = 2*h - 3*i - 7. Let a be (10 - 13)*(-2)/2 - h. Suppose -5*d = -4*d + a. Determine j(d).
23
Suppose 4*z - 4*g + 39 = -9, 0 = -2*z - 3*g - 9. Let y(m) = 2*m - 6*m + m. Give y(z).
27
Let f(a) = 14*a**2 + 14*a - 6. Let d(r) = -5*r**2 - r + 2. Let j(b) = -3*d(b) - f(b). Calculate j(11).
0
Let l(b) be the third derivative of -53*b**2 - 1/3*b**3 + 0*b + 0 + 1/12*b**4. Calculate l(-9).
-20
Let i(p) be the third derivative of -p**4/24 + 7*p**3/6 + p**2 - 14. Let k(r) = -2. Let j(a) = i(a) + 4*k(a). Determine j(-7).
6
Let b = -84 + 82. Let k(s) = -2*s. Let h be k(b). Let f(u) = -u**3 + 4*u**2 + 3*u - 5. Calculate f(h).
7
Let g(y) be the second derivative of 1/2*y**2 + 0*y**3 + 75*y + 1 - 1/2*y**4. What is g(2)?
-23
Let y(b) be the first derivative of 0*b + 19/3*b**3 - 1/120*b**5 + 3/8*b**4 + 0*b**2 - 2. Let v(l) be the third derivative of y(l). Calculate v(7).
2
Suppose 3*p - 25 = g, -3*g + 38*p - 3 = 41*p. Let v(m) = -8*m - 39. Determine v(g).
17
Let z(c) be the third derivative of c**6/360 + c**5/60 - 5*c**4/24 - 65*c**3/6 + c**2 + 7. Let l(f) be the first derivative of z(f). Determine l(5).
30
Let c(z) = z**3 - 5*z**2 - 6*z - 8. Suppose 5*i + v = 11, -v = 2*i - 2*v - 3. Let o be (7/(-21))/((-1)/24) - i. Determine c(o).
-8
Let o(w) = -12*w - 3. Suppose 15*i + 19*i - 7*i + 216 = 0. Calculate o(i).
93
Let o(d) = -4*d**2 - 2*d + 12. Let c(z) = z**2 - 2. Let u(f) = 5*c(f) + o(f). Determine u(-2).
10
Let s(m) = m**2 - 14*m + 47. Let x = 66 + -60. Let f be s(x). Let o(g) = -10*g**3 + g + 1. Determine o(f).
10
Let j = -66 - -746. Let x be 4/34 - (-1280)/j. Let f(g) = -3*g**2. Give f(x).
-12
Let w(c) be the first derivative of -c**6/45 - c**5/120 + 13*c**3/3 + 3*c**2/2 - 130. Let k(u) be the third derivative of w(u). Calculate k(-2).
-30
Suppose -o - 4 = -5*o. Suppose 0 = -2*i - 5*w - 21, 0 = -4*i - i - 4*w - 10. Suppose -q = -g - o, 6*q = q + i*g + 11. Let k(c) = -c**2 + 4. What is k(q)?
-5
Let s(w) = w - 2. Let r(c) = 73*c - 67. Let q be r(-3). Let b = q - -292. Calculate s(b).
4
Suppose 192 = 3*w - 5*q, 5*w = 4*q - 0*q + 333. Let c be w/(-46) + (-2)/(-4). Let n(z) = -8*z. Give n(c).
8
Suppose 10 = t - 2*t + 4*g, 13 = -t + 5*g. Let n be (45/6)/(-5) - 18/(-4). Let i(z) = 3*z**2 - 8*z**3 + 17*z**n - 2 - 11*z**3. Determine i(t).
-6
Suppose -185*k + 397*k = 193*k - 285. Let b(o) = o**2 + 13*o - 33. What is b(k)?
-3
Let t(a) = a**3 + 8*a**2 + 9*a - 10. Let q be (511/(-146))/(2/4). Determine t(q).
-24
Let f(m) = 2*m**2 - 19*m + 17. Let q be f(8). Let s(t) = 5*t + 33. Calculate s(q).
-2
Suppose -35 = -2*p + 9*p. Let z = p + -14. Let o = -10 - z. Let k(l) = -l**2 + 10*l - 6. Determine k(o).
3
Let j(x) be the second derivative of -4*x**3/3 + 25*x**2 + 218*x + 2. Determine j(7).
-6
Let z(x) = 3*x**3 - 17*x**2 + 20*x - 2. Let g = -10587 + 10588. What is z(g)?
4
Let s be (12 + 9/(-3))*-1. Let n(b) = -b**3 - 3*b**2 - 2*b + 5. Let d be n(-3). Let h(z) = 2*z**2 - z**2 - 4*z - 14 + d*z + 1. Determine h(s).
5
Let p(x) be the first derivative of x**3 - 39*x**2 + 6*x - 2227. Give p(26).
6
Let v(s) be the first derivative of -s**5/15 + s**4/12 - s**3/2 - s**2/2 + s + 92. Let p(y) be the second derivative of v(y). Give p(-3).
-45
Let u(c) = c**2 - 3*c + 0*c + 6*c - 4*c - 13. Let n be u(2). Let d(y) = -6 + 5*y**2 - 4*y**2 + 10*y - 7 + 0*y**2. Calculate d(n).
-2
Let a(j) = -23*j**3 - j**2 - 2*j - 1. Suppose 4*b - 59 = -20*n + 17*n, 0 = 3*b - n - 54. Let i be (-8)/76 + b/(-19). Give a(i).
23
Let u(s) be the second derivative of s**5/10 - 7*s**4 - 85*s**3/6 - 19*s**2 + 1237*s. Determine u(43).
5
Let t be 4/14 + 216/28. Let v(q) = -10*q**3 + 125*q**2 - 5*q + 18. Let l(s) = -7*s**3 + 88*s**2 - 3*s + 12. Let z(b) = 7*l(b) - 5*v(b). Calculate z(t).
-38
Let m(h) be the first derivative of -178 - 4*h + 3/2*h**2 - 1/4*h**4 + 0*h**3. Give m(-3).
14
Let j be (-2)/7 + (-18)/(-14). Let n(a) = -2*a - 4 + j + 1. Let p(u) = -2*u**3 + 69*u**2 + 41*u - 208. Let h be p(35). Determine n(h).
-6
Let v(d) = d**2 - 35*d - 882. Let a be v(52). Let g(u) be the first derivative of 6 - 1/2*u**a + 3*u. Calculate g(6).
-3
Let w(a) be the second derivative of -2/3*a**3 + 0 - 3*a + 2*a**2. Determine w(2).
-4
Let s(f) = -13*f**3 + 22*f**2 - 15*f + 21. Let m(q) = -5*q**3 + 8*q**2 - 5*q + 7. Let v(h) = -8*m(h) + 3*s(h). Calculate v(-4).
-5
Suppose 632*s = 532*s + 500. Let q(k) be the third derivative of -1/8*k**4 - 7/6*k**3 + 0*k + 1/60*k**5 + 2*k**2 + 0. Give q(s).
3
Let o(l) = 2*l + 6. Let c(w) = -1. Let g(n) = 8*c(n) + o(n). Suppose -19*i + 22*i = 5*m - 19, -4*i - 2*m = 8. What is g(i)?
-8
Let k(q) be the second derivative of -q**5/10 + q**4/6 + q**3/6 - 3*q**2/2 - 6733*q. Give k(1).
-2
Let c(k) be the third derivative of -k**5/60 - 5*k**4/8 - 29*k**3/3 + 75*k**2. What is c(-9)?
-4
Let u(v) = -v**3 + 4*v**2 - 2*v - 1. Let c be u(4). Let o(t) = -5*t**2 + 23*t - 18. Let b(w) = 8*w**2 - 41*w + 35. Let n(g) = -3*b(g) - 5*o(g). Determine n(c).
-6
Let h(p) = p + 1. Let q(k) = 3. Suppose 0 = -0*g + 2*g + 2*s - 14, 4*g - s - 23 = 0. Suppose -g*j + 8 = 2*j. Let d(o) = j*q(o) - 4*h(o). Determine d(1).
-5
Let q(s) = -9*s**2 - 38*s - 6. Let j(w) = -20*w**2 - 83*w - 14. Let a(d) = 4*j(d) - 9*q(d). Calculate a(-6).
-26
Suppose -15*u + 18*u + 74 = -34*u. Let p(i) = -3*i + 5. Let k(t) = -t + 2. Let h(y) = -8*k(y) + 3*p(y). Calculate h(u).
1
Let t(o) = o**3 - o**2 + 1. Let p(s) = 5*s - 1. Let u be p(6). Let c be ((-136)/(-24))/1 - (-3)/9. Suppose u = c*z + 17. Calculate t(z).
5
Let j be (4 + (-15)/6)*(-724)/(-6). Let t(c) = 0 - 5 - 4*c**2 - 3*c**3 + 177*c - 1 - j*c + 4. Calculate t(-2).
14
Let u(n) = 7*n**2 + 17*n - 12. Let i(f) = -10*f**2 - 25*f + 18. Let r(k) = -5*i(k) - 7*u(k). Suppose 15*t = 14*t - 73 + 68. Determine r(t).
-11
Let w(j) be the second derivative of -j**5/20 - j**4/3 + j**3/2 - 3*j**2/2 - 2*j. Let z = -242 - -244. Let i be (3/z)/(75/(-250)). What is w(i)?
7
Let b(s) be the second derivative of s**4/2 + s**3/6 + 15*s**2/2 + 2*s + 7. Let a(p) = p**2 - p + 2. Let n(h) = 5*a(h) - b(h). Calculate n(-6).
-5
Suppose l + 12 = 5*l. Let u be l*1 + 9 + -14. Let x(c) = -8*c**2 - 17*c - 3. Let s(n) = -2*n**2 - 4*n - 1. Let b(f) = u*x(f) + 9*s(f). Determine b(-2).
-7
Le